{"id":23,"date":"2012-05-08T21:05:46","date_gmt":"2012-05-08T21:05:46","guid":{"rendered":"http:\/\/www.synergyfortrees.com\/sts\/synergy\/?page_id=23"},"modified":"2012-05-08T21:05:46","modified_gmt":"2012-05-08T21:05:46","slug":"allgemeine-geschaftsbedingungen","status":"publish","type":"page","link":"http:\/\/www.synergyfortrees.com\/sts\/impressum\/allgemeine-geschaftsbedingungen\/","title":{"rendered":"Allgemeine Gesch\u00e4ftsbedingungen (AGB)"},"content":{"rendered":"<p>Ginko Baumpflege<br \/>\nPeter Styrnol<br \/>\nIn der Siedlung 6<br \/>\n77933 Lahr<\/p>\n<h1>\u2028Geltungsbereich<\/h1>\n<p>F\u00fcr die \u00fcber diesen Internet-Shop begr\u00fcndeten Rechtsbeziehungen zwischen dem Betreiber des Shops (nachfolgend \u201eGinko\u201c) und seinen Kunden gelten ausschlie\u00dflich die folgenden Allgemeinen Gesch\u00e4ftsbedingungen in der jeweiligen Fassung zum Zeitpunkt der Bestellung. Abweichende und\/oder erg\u00e4nzende Vereinbarungen bed\u00fcrfen der ausdr\u00fccklichen schriftlichen Zustimmung von Ginko.<\/p>\n<h1>Zustandekommen des Vertrages<\/h1>\n<p>Die Pr\u00e4sentation der Waren im Internet-Shop www.synergyfortrees.com stellt kein bindendes Angebot des Anbieters auf Abschluss eines Kaufvertrages dar. Der Kunde wird hierdurch lediglich aufgefordert, durch eine Bestellung ein Angebot abzugeben. Kleine technische und visuelle Abweichung oder \u00c4nderungen unserer Beschreibungen und Abbildungen sind m\u00f6glich. Durch das Absenden der Bestellung im Internet-Shop gibt der Kunde ein verbindliches Angebot gerichtet auf den Abschluss eines Kaufvertrages \u00fcber die im Warenkorb enthaltenen Waren ab. Mit dem Absenden der Bestellung erkennt der Kunde auch diese Gesch\u00e4ftsbedingungen als f\u00fcr das Rechtsverh\u00e4ltnis mit dem Anbieter allein ma\u00dfgeblich an. Der Anbieter best\u00e4tigt den Eingang der Bestellung des Kunden durch Versendung einer Best\u00e4tigungs-E-Mail. Diese Bestellbest\u00e4tigung stellt noch nicht die Annahme des Vertragsangebotes durch den Anbieter dar. Sie dient lediglich der Information des Kunden, dass die Bestellung beim Anbieter eingegangen ist. Die Erkl\u00e4rung der Annahme des Vertragsangebotes erfolgt durch die Auslieferung der Ware oder eine ausdr\u00fcckliche Annahmeerkl\u00e4rung.<\/p>\n<h1>Lieferung, Versand und Gefahr\u00fcbergabe<\/h1>\n<p>Liegt keine Weisung des K\u00e4ufers vor, bestimmen wir den Spediteur oder Frachtf\u00fchrer. Kosten des Versandes \u00fcbernimmt der K\u00e4ufer. Etwaige Frachtzahlungen gelten als Vorlagen zu Lasten des K\u00e4ufers. Versicherungen gegen Schaden oder Verluste werden nur auf ausdr\u00fccklichen Wunsch des K\u00e4ufers abgeschlossen.<br \/>\nLagernde Ware wird innerhalb von 3 Werktagen nach Eingang der Bestellung versendet.<br \/>\nF\u00fcr nicht lagernde Ware kann die Lieferzeit 3-4 Wochen nach Bestelleingang betragen. Ginko ist abh\u00e4ngig von der Lieferung dritter und beh\u00e4lt sich vor vom Vertrag zur\u00fccktreten falls diese scheitert. Der Kunde wird dar\u00fcber rechtzeitig informiert und eventuell geleistete Vorauszahlungen werden umgehend erstattet. Recht auf Schadensersatz steht dem Kunden in diesem Falle nicht zu.<br \/>\nTeillieferungen sind zul\u00e4ssig soweit nicht anders vereinbart. Transport- und Verpackungskosten fallen nur einmal an.<br \/>\nMit der \u00dcbergabe an den Spediteur oder Frachtf\u00fchrer, sp\u00e4testens jedoch mit dem Verlassen ab Werk oder Lager, geht die Gefahr an den K\u00e4ufer \u00fcber.<\/p>\n<h1>Preis und Zahlung<\/h1>\n<p>Alle angef\u00fchrten Preise sind ohne Gew\u00e4hr. Alle Preise verstehen enthalten die gesetzliche Mehrwertsteuer von 19 Prozent und gelten zum Zeitpunkt der Bestellung.<br \/>\nKosten f\u00fcr etwaige Verpackungen und Versand werden zuz\u00fcglich berechnet.<br \/>\nGinko akzeptiert alle auf der Internetseite www.synergyfortrees.com angegebenen Zahlarten. Durch die Wahl der Zahlungsart k\u00f6nnen zus\u00e4tzliche Kosten (Nachnahme) entstehen. Diese werden zuz\u00fcgliche berechnet.<br \/>\nAndere Zahlungs- oder Finanzierungsarten bed\u00fcrfen unserer vorherigen schriftlichen Zustimmung.<\/p>\n<h1>Eigentumsvorbehalt<\/h1>\n<p>Alle gelieferten Waren bleiben unser Eigentum (Vorbehaltsware) bis zur Erf\u00fcllung s\u00e4mtlicher Forderungen, insbesondere auch der jeweiligen Saldo-Forderungen, die uns gleich aus welchem Rechtsgrunde zustehen.<\/p>\n<h1>Widerruf und R\u00fcckgaberecht<\/h1>\n<p>Innerhalb von zwei Wochen k\u00f6nnen alle bei Ginko erworbenen Waren, ohne Nennung von Gr\u00fcnden, zur\u00fcckgegeben werden. Die Frist beginnt fr\u00fchestens mit Erhalt der Ware, es gen\u00fcgt die rechtzeitige Absendung der Ware.\u00a0R\u00fcckgaberecht besteht nach iSd. \u00a7\u00a7 312 BGB nicht sofern Waren bestellt werden, die nach Kunden Spezifikationen angefertigt werden oder eindeutig auf die pers\u00f6nlichen Bed\u00fcrfnisse des Kunden zugeschnitten sind. Vom Kunden geleistete Zahlungen werden innerhalb von 5 Werktagen nach Erhalt der R\u00fccksendung per Bank\u00fcberweisung erstattet.<br \/>\nR\u00fccksendung hat an folgende Adresse zu folgen:<br \/>\nBubeck Textildruck, Am Schiessrain 5, 79312 Emmendingen, Deutschland<br \/>\nDer Kunde ist zur R\u00fccksendung auf Kosten und Gefahr verpflichtet; dem Kunden d\u00fcrfen die regelm\u00e4\u00dfigen Kosten der R\u00fccksendung vertraglich auferlegt werden, es sei denn, dass die gelieferte Ware nicht der bestellten entspricht.<br \/>\nGinko beh\u00e4lt sich einen Ersatzanspruch f\u00fcr besch\u00e4digte Ware ausdr\u00fccklich vor. Hat der Kunde eine Verschlechterung oder eine anderweitige Unm\u00f6glichkeit zu vertreten, so hat er die Wertminderung zu ersetzen; \u00a7\u00a7 351 und 353 BGB sind nicht anzuwenden.<br \/>\nDie R\u00fccksendung soll in Orginalverpackung erfolgen. F\u00fcr Sch\u00e4den an der Ware, die auf eine unzureichende Verpackung zur\u00fcckzuf\u00fchren ist, haftet der Kunde.<br \/>\nDer K\u00e4ufer ist verpflichtet, die Ware unverz\u00fcglich zu pr\u00fcfen und offensichtliche M\u00e4ngel (Besch\u00e4digungen, Falschlieferungen oder Mengenabweichungen) unverz\u00fcglich, sp\u00e4testens aber innerhalb einer Woche nach Empfang der Ware, mit Angabe der Nummer des Kaufbeleg zu beanstanden. Sonstige M\u00e4ngel sind unverz\u00fcglich, schriftlich, sp\u00e4testens binnen einer Woche nach Kenntnisnahme zu melden. Es gen\u00fcgt eine Mitteilung per eMail an contact@synergyfortrees.com.<\/p>\n<h1>Gew\u00e4hrleistung \/ Haftung<\/h1>\n<p>Ginko gew\u00e4hrleistet, dass die verkaufte Ware zum Zeitpunkt des Gefahren\u00fcbergangs frei von Material- und Fabrikationsfehlern ist und die vertraglich zugesicherten Eigenschaften hat. Es gilt die gesetzliche Gew\u00e4hrleistungsfrist von zwei Jahren ab Rechnungsstellung. Die Gew\u00e4hrleistung erstreckt sich nicht auf den betriebsgew\u00f6hnlichen Verschlei\u00df bzw. die normale Abnutzung.<br \/>\nAnspr\u00fcche des Kunden auf Schadensersatz, z.B. wegen Nichterf\u00fcllung, Verschulden bei Vertragsschluss, Verletzung vertraglicher Nebenverpflichtungen, Mangelfolgesch\u00e4den, Sch\u00e4den aus unerlaubter Handlung und sonstigen Rechtsgr\u00fcnden sind ausgeschlossen. Ginko haftet ausschlie\u00dflich bei Vorsatz oder grober Fahrl\u00e4ssigkeit. Anspr\u00fcche aus dem Produkthaftungsgesetz sind davon nicht betroffen.<br \/>\nSollten M\u00e4ngel auftreten, die Ginko zu vertreten hat, und ist im Falle des Umtausches der Ware auch die Ersatzlieferung mangelhaft, so steht dem K\u00e4ufer das Recht auf Wandlung oder Minderung zu.<br \/>\nGinko haftet nicht f\u00fcr technische oder elektronische Fehler des Internet-Angebotes.<br \/>\nSollten die Waren bei der R\u00fccksendung Spuren von Benutzung oder Besch\u00e4digung aufweisen, behalten wir uns das Recht vor, Ersatzanspr\u00fcche geltend zu machen.<\/p>\n<h1>Erf\u00fcllungsort und Gerichtsstand<\/h1>\n<p>Erf\u00fcllungsort und Gerichtsstand f\u00fcr beide Vertragsteile ist Freiburg. Dieses gilt auch f\u00fcr Klagen zur R\u00fcckgew\u00e4hr der Ware, Scheck oder Wechselverfahren sowie Mahnverfahren.<br \/>\nStand: September 2013<\/p>\n","protected":false},"excerpt":{"rendered":"<p>Ginko Baumpflege Peter Styrnol In der Siedlung 6 77933 Lahr \u2028Geltungsbereich F\u00fcr die \u00fcber diesen Internet-Shop begr\u00fcndeten Rechtsbeziehungen zwischen dem Betreiber des Shops (nachfolgend \u201eGinko\u201c) und seinen Kunden gelten ausschlie\u00dflich die folgenden Allgemeinen Gesch\u00e4ftsbedingungen in der jeweiligen Fassung zum Zeitpunkt der Bestellung. Abweichende und\/oder erg\u00e4nzende Vereinbarungen bed\u00fcrfen der ausdr\u00fccklichen schriftlichen Zustimmung von Ginko. Zustandekommen des [&hellip;]<\/p>\n","protected":false},"author":1,"featured_media":0,"parent":17,"menu_order":0,"comment_status":"open","ping_status":"open","template":"","meta":{"footnotes":""},"class_list":["post-23","page","type-page","status-publish","hentry"],"jetpack_sharing_enabled":true,"_links":{"self":[{"href":"http:\/\/www.synergyfortrees.com\/sts\/wp-json\/wp\/v2\/pages\/23","targetHints":{"allow":["GET"]}}],"collection":[{"href":"http:\/\/www.synergyfortrees.com\/sts\/wp-json\/wp\/v2\/pages"}],"about":[{"href":"http:\/\/www.synergyfortrees.com\/sts\/wp-json\/wp\/v2\/types\/page"}],"author":[{"embeddable":true,"href":"http:\/\/www.synergyfortrees.com\/sts\/wp-json\/wp\/v2\/users\/1"}],"replies":[{"embeddable":true,"href":"http:\/\/www.synergyfortrees.com\/sts\/wp-json\/wp\/v2\/comments?post=23"}],"version-history":[{"count":0,"href":"http:\/\/www.synergyfortrees.com\/sts\/wp-json\/wp\/v2\/pages\/23\/revisions"}],"up":[{"embeddable":true,"href":"http:\/\/www.synergyfortrees.com\/sts\/wp-json\/wp\/v2\/pages\/17"}],"wp:attachment":[{"href":"http:\/\/www.synergyfortrees.com\/sts\/wp-json\/wp\/v2\/media?parent=23"}],"curies":[{"name":"wp","href":"https:\/\/api.w.org\/{rel}","templated":true}]}}